{"id":5428,"date":"2023-01-09T16:15:32","date_gmt":"2023-01-09T15:15:32","guid":{"rendered":"https:\/\/www.coeclerici.com\/?page_id=5428"},"modified":"2024-12-04T09:53:37","modified_gmt":"2024-12-04T08:53:37","slug":"cultura-e-comunita","status":"publish","type":"page","link":"https:\/\/www.coeclerici.com\/it\/valore-sociale\/cultura-e-comunita\/","title":{"rendered":"Cultura e comunit\u00e0"},"content":{"rendered":"<p>Obiettivo del Gruppo Coeclerici, nello sviluppo delle proprie attivit\u00e0 di business, \u00e8 di\u00a0<strong>\u201ccreare una casa\u201d nei territori e nelle comunit\u00e0 in cui opera<\/strong>. Ci\u00f2 significa riconoscere e soddisfare le esigenze dell\u2019ambiente, apprezzare la cultura e le differenze locali e interagire in maniera attiva e genuina con le comunit\u00e0.<\/p>\n","protected":false},"excerpt":{"rendered":"<p>Obiettivo del Gruppo Coeclerici, nello sviluppo delle proprie attivit\u00e0 di business, \u00e8 di\u00a0\u201ccreare una casa\u201d nei territori e nelle comunit\u00e0 in cui opera. Ci\u00f2 significa riconoscere e soddisfare le esigenze<\/p>\n","protected":false},"author":1,"featured_media":0,"parent":5426,"menu_order":0,"comment_status":"closed","ping_status":"closed","template":"page-susCultura.php","meta":{"_acf_changed":false,"footnotes":""},"acf":[],"_links":{"self":[{"href":"https:\/\/www.coeclerici.com\/it\/wp-json\/wp\/v2\/pages\/5428"}],"collection":[{"href":"https:\/\/www.coeclerici.com\/it\/wp-json\/wp\/v2\/pages"}],"about":[{"href":"https:\/\/www.coeclerici.com\/it\/wp-json\/wp\/v2\/types\/page"}],"author":[{"embeddable":true,"href":"https:\/\/www.coeclerici.com\/it\/wp-json\/wp\/v2\/users\/1"}],"replies":[{"embeddable":true,"href":"https:\/\/www.coeclerici.com\/it\/wp-json\/wp\/v2\/comments?post=5428"}],"version-history":[{"count":21,"href":"https:\/\/www.coeclerici.com\/it\/wp-json\/wp\/v2\/pages\/5428\/revisions"}],"predecessor-version":[{"id":6360,"href":"https:\/\/www.coeclerici.com\/it\/wp-json\/wp\/v2\/pages\/5428\/revisions\/6360"}],"up":[{"embeddable":true,"href":"https:\/\/www.coeclerici.com\/it\/wp-json\/wp\/v2\/pages\/5426"}],"wp:attachment":[{"href":"https:\/\/www.coeclerici.com\/it\/wp-json\/wp\/v2\/media?parent=5428"}],"curies":[{"name":"wp","href":"https:\/\/api.w.org\/{rel}","templated":true}]}}

Cultura e comunità

<p>Obiettivo del Gruppo Coeclerici, nello sviluppo delle proprie attività di business, è di <strong>“creare una casa” nei territori e nelle comunità in cui opera</strong>. Ciò significa riconoscere e soddisfare le esigenze dell’ambiente, apprezzare la cultura e le differenze locali e interagire in maniera attiva e genuina con le comunità.</p>

<p>Obiettivo del Gruppo Coeclerici, nello sviluppo delle proprie attività di business, è di “creare una casa” nei territori e nelle comunità in cui opera. Ciò significa riconoscere e soddisfare le esigenze</p>
